132888 is divided by 220.
8
What is the remainder when 2780 is divided by 1237?
306
What is the remainder when 8541 is divided by 2668?
537
What is the remainder when 369 is divided by 78?
57
What is the remainder when 8694 is divided by 196?
70
Calculate the remainder when 107 is divided by 60.
47
Calculate the remainder when 32500 is divided by 136.
132
What is the remainder when 286696 is divided by 286671?
25
What is the remainder when 416 is divided by 23?
2
What is the remainder when 173180 is divided by 10823?
12
Calculate the remainder when 3044 is divided by 381.
377
Calculate the remainder when 71197 is divided by 28.
21
What is the remainder when 18727 is divided by 47?
21
Calculate the remainder when 8024 is divided by 933.
560
Calculate the remainder when 5333 is divided by 5318.
15
Calculate the remainder when 219004 is divided by 4.
0
What is the remainder when 8315 is divided by 181?
170
Calculate the remainder when 103383 is divided by 167.
10
What is the remainder when 1276 is divided by 276?
172
What is the remainder when 431262 is divided by 196?
62
What is the remainder when 14720 is divided by 618?
506
What is the remainder when 285682 is divided by 348?
322
Calculate the remainder when 51485 is divided by 17083.
236
What is the remainder when 164071 is divided by 11?
6
What is the remainder when 707505 is divided by 54?
51
What is the remainder when 457639 is divided by 224?
7
What is the remainder when 78807 is divided by 78800?
7
Calculate the remainder when 28489 is divided by 7099.
93
What is the remainder when 35658 is divided by 1377?
1233
Calculate the remainder when 10798 is divided by 10786.
12
What is the remainder when 2007058 is divided by 15?
13
Calculate the remainder when 2468 is divided by 576.
164
What is the remainder when 2502 is divided by 615?
42
What is the remainder when 10250 is divided by 16?
10
What is the remainder when 390021 is divided by 669?
663
What is the remainder when 2399827 is divided by 758?
757
Calculate the remainder when 51040 is divided by 43.
42
Calculate the remainder when 12855 is divided by 201.
192
What is the remainder when 7011 is divided by 157?
103
What is the remainder when 83699 is divided by 155?
154
Calculate the remainder when 1845791 is divided by 153.
152
Calculate the remainder when 302447 is divided by 558.
11
What is the remainder when 259307 is divided by 21?
20
What is the remainder when 17722 is divided by 130?
42
What is the remainder when 14208 is divided by 137?
97
What is the remainder when 3673246 is divided by 922?
920
What is the remainder when 13234 is divided by 6588?
58
What is the remainder when 1185 is divided by 58?
25
Calculate the remainder when 81137 is divided by 9007.
74
What is the remainder when 41630 is divided by 177?
35
Calculate the remainder when 13178 is divided by 13155.
23
Calculate the remainder when 158858 is divided by 52944.
26
What is the remainder when 1771 is divided by 119?
105
What is the remainder when 28616 is divided by 27?
23
What is the remainder when 4767 is divided by 1579?
30
Calculate the remainder when 150520 is divided by 121.
117
What is the remainder when 11611 is divided by 919?
583
What is the remainder when 86924 is divided by 701?
0
Calculate the remainder when 563 is divided by 64.
51
Calculate the remainder when 55612 is divided by 44.
40
What is the remainder when 5172 is divided by 2469?
234
Calculate the remainder when 18407 is divided by 113.
101
What is the remainder when 1525 is divided by 36?
13
What is the remainder when 231064 is divided by 115506?
52
Calculate the remainder when 69341 is divided by 331.
162
What is the remainder when 3535695 is divided by 175?
170
Calculate the remainder when 2468 is divided by 77.
4
Calculate the remainder when 2154797 is divided by 1062.
1061
Calculate the remainder when 68810 is divided by 8601.
2
Calculate the remainder when 31337 is divided by 93.
89
What is the remainder when 140864 is divided by 11736?
32
Calculate the remainder when 12222 is divided by 116.
42
What is the remainder when 94765 is divided by 13537?
6
Calculate the remainder when 15969 is divided by 132.
129
What is the remainder when 1338 is divided by 727?
611
What is the remainder when 122791 is divided by 671?
669
Calculate the remainder when 1983882 is divided by 1983878.
4
What is the remainder when 401133 is divided by 183?
180
What is the remainder when 62543 is divided by 324?
11
What is the remainder when 1378 is divided by 394?
196
Calculate the remainder when 5273 is divided by 212.
185
What is the remainder when 1783259 is divided by 214?
211
Calculate the remainder when 31845 is divided by 245.
240
Calculate the remainder when 3765 is divided by 620.
45
Calculate the remainder when 3241 is divided by 31.
17
Calculate the remainder when 12194 is divided by 264.
50
Calculate the remainder when 135104 is divided by 9.
5
What is the remainder when 213764 is divided by 36?
32
Calculate the remainder when 121272 is divided by 28.
4
What is the remainder when 4752 is divided by 819?
657
Calculate the remainder when 2306 is divided by 26.
18
What is the remainder when 158488 is divided by 69?
64
What is the remainder when 659442 is divided by 142?
136
Calculate the remainder when 13583 is divided by 158.
153
What is the remainder when 773 is divided by 188?
21
Calculate the remainder when 1259167 is divided by 129.
127
Calculate the remainder when 311186 is divided by 123.
119
Calculate the remainder when 20975 is divided by 583.
570
What is the remainder when 31825 is divided by 884?
1
Calculate the remainder when 34104 is divided by 23.
18
Calculate the remainder when 2869 is divided by 2638.
231
What is the remainder when 23113 is divided by 7699?
16
Calculate the remainder when 108709 is divided by 366.
7
What is the remainder when 1093 is divided by 13?
1
What is the remainder when 135054 is divided by 67515?
24
Calculate the remainder when 164897 is divided by 164854.
43
Calculate the remainder when 3979 is divided by 661.
13
What is the remainder when 17662 is divided by 4415?
2
What is the remainder when 971213 is divided by 202?
199
What is the remainder when 757 is divided by 736?
21
Calculate the remainder when 37229 is divided by 31.
29
Calculate the remainder when 30680 is divided by 323.
318
Calculate the remainder when 11136 is divided by 999.
147
What is the remainder when 7141 is divided by 38?
35
What is the remainder when 17236 is divided by 29?
10
What is the remainder when 1424 is divided by 12?
8
Calculate the remainder when 8872 is divided by 806.
6
What is the remainder when 7387 is divided by 1275?
1012
What is the remainder when 1983 is divided by 19?
7
What is the remainder when 4456 is divided by 731?
70
What is the remainder when 24945 is divided by 6?
3
What is the remainder when 3163 is divided by 291?
253
Calculate the remainder when 18063 is divided by 29.
25
What is the remainder when 4527 is divided by 452?
7
What is the remainder when 87575 is divided by 21886?
31
Calculate the remainder when 22059 is divided by 1696.
11
Calculate the remainder when 219 is divided by 161.
58
What is the remainder when 11537 is divided by 11463?
74
Calculate the remainder when 212 is divided by 49.
16
Calculate the remainder when 2693614 is divided by 17.
15
Calculate the remainder when 3947 is divided by 30.
17
What is the remainder when 21388 is divided by 106?
82
What is the remainder when 3072 is divided by 703?
260
Calculate the remainder when 3674 is divided by 148.
122
Calculate the remainder when 395134 is divided by 2338.
12
Calculate the remainder when 43614 is divided by 217.
214
What is the remainder when 1273 is divided by 275?
173
Calculate the remainder when 5929 is divided by 1957.
58
What is the remainder when 6423 is divided by 109?
101
What is the remainder when 3588 is divided by 50?
38
Calculate the remainder when 11510 is divided by 1260.
170
Calculate the remainder when 9913 is divided by 48.
25
What is the remainder when 711985 is divided by 1351?
8
Calculate the remainder when 10835 is divided by 44.
11
What is the remainder when 105621 is divided by 1625?
1621
What is the remainder when 13788 is divided by 14?
12
Calculate the remaind